divided by (8/((-8)/3))/(1/(-5)).
12
Suppose 3 + 2 = -5*o. Let y = 6 + o. Suppose 0 = -y*n + 152 - 57. What is the remainder when n is divided by 10?
9
Suppose c - 34 = -4*r, 0*c - r - 76 = -3*c. Suppose -10 = 2*x - c. What is the remainder when 30 is divided by x?
6
Suppose 26 = 2*f + 4*l, 0 = -5*f + l - 5 + 70. Let c = f - 7. Calculate the remainder when 123/c + 6/4 is divided by 12.
10
Suppose -2*r = -17 - 3. What is the remainder when 28 is divided by r?
8
Let l = -12 + 57. What is the remainder when l is divided by 16?
13
Let i = 4 - -7. Let l(u) = 2*u**2 - 9*u - 4. Suppose -f + 2*f = a - 10, -f + 18 = 3*a. Calculate the remainder when l(a) is divided by i.
9
Suppose 0 = 2*g - 2*t - 18, t - 21 = g + 6*t. Let y(z) = 2*z**2 - 3*z**2 + 2*z**2 + 4. Calculate the remainder when y(-3) is divided by g.
1
Let y(b) = -b**3 - 3*b + 7*b - 2*b - b + 78. Calculate the remainder when y(0) is divided by 20.
18
Suppose 0 = 2*z - 6*z - 100. Let o = z + 38. What is the remainder when 51 is divided by o?
12
Suppose 2 + 2 = -2*z - c, 0 = -3*z - 3*c - 9. Let f = 0 - z. Let g(k) = k**2 + 12*k - 12. Calculate the remainder when f is divided by g(-13).
0
Let o = 22 - 9. Let m(g) = g + 1. Calculate the remainder when o is divided by m(3).
1
Suppose 13 + 19 = 2*o. Suppose -3*n = 3*u - 4 - 14, 48 = 5*n - u. What is the remainder when o is divided by n?
7
Let z be (-5)/((-5)/(-4)) - 2. Suppose -5*t + 12 = 2*d, 0 = -d - t - t + 6. Calculate the remainder when ((-8)/z)/(4/30) is divided by d.
4
Suppose 3*u + 4*h = -92, 3*h = 2*u + 3*u + 134. Calculate the remainder when 1/(-2*2/u) is divided by 3.
1
Suppose 147 = 5*y + 47. What is the remainder when y is divided by 3?
2
Let v be ((-116)/6)/((-4)/6). Suppose -2*u - 14 = -q - 1, v = -4*u + q. Let a(o) = o**2 + 6*o - 8. What is the remainder when a(u) is divided by 3?
2
Suppose -4*d = d + 10. Let a(y) = 3*y**2 - 2*y + 1. Calculate the remainder when a(d) is divided by 10.
7
Suppose -3*q - 39 = -4*d, -4*d + 13 = -q - 24. Let m = d + -3. What is the remainder when m is divided by 5?
1
Let k(y) = y**2 + 13*y + 11. Let h be k(-12). Let a(u) = 29*u**2 - 1. What is the remainder when 83 is divided by a(h)?
27
Let i = 30 + -27. Let a = -11 - -12. What is the remainder when i is divided by a?
0
What is the remainder when (-7)/(-21) - 2/((-12)/166) is divided by 15?
13
Let p(r) = -r**2 + 10*r + 3. Let q be p(7). Let i = 36 + -21. What is the remainder when i is divided by (32/q)/((-4)/(-18))?
3
Calculate the remainder when 242/8 + (-2)/(8/1) is divided by 16.
14
Suppose 0 = -i + 6*i - 105. What is the remainder when i is divided by 12?
9
Let m(f) = -f**3 - 8*f**2 - 7*f - 9. What is the remainder when m(-8) is divided by 17?
13
What is the remainder when 7 is divided by 2*-1*2/(-1)?
3
Let m(h) = -h**2 - 7*h - 8. Let y be m(-6). Calculate the remainder when 21 is divided by 2/(y + (-21)/(-9)).
3
Let n(a) = a - 7. What is the remainder when n(13) is divided by 4?
2
Let f = -8 - -16. Let j(m) = -2 - 6*m - 9*m + 4*m + 3. What is the remainder when j(-2) is divided by f?
7
Let l = -27 + 38. What is the remainder when 18 is divided by l?
7
Let w(j) = 1 - 3*j**2 + 2*j**2 + 7*j + 2. Let a(i) = -i**3 + 3*i**2 + 3*i - 2. Let r be a(3). What is the remainder when 8 is divided by w(r)?
2
Suppose k + 3*f = 31, 3*k = -f + 4*f + 69. Let l = 18 + -11. What is the remainder when k is divided by l?
4
Let u = -53 - -67. What is the remainder when u is divided by 10?
4
Let y(p) = p + 2. What is the remainder when 19 is divided by y(5)?
5
Let y(b) = -2*b**2. Let r be y(2). Let p(z) = 2*z - 6*z + 1 + 2. What is the remainder when p(r) is divided by 9?
8
Let x(o) = -o**3 + 3*o**2 - 10*o + 24. Let c = 119 + -82. What is the remainder when c is divided by x(2)?
5
Let c = 3 - 0. Let x(l) = 5*l**3 + 2*l**2 - 5*l**2 + 3 - 5*l - 3*l**c. What is the remainder when 29 is divided by x(3)?
14
Let i be ((-2)/(-8))/((-1)/(-4)). Suppose -k + 6*k - 3*d - 227 = 0, 3*k - 137 = d. Calculate the remainder when k is divided by i/((-6)/16)*-6.
14
Let y = 116 - 72. What is the remainder when y is divided by 17?
10
What is the remainder when -4 + 1/((-1)/(-28)) is divided by 7?
3
Let g(r) be the second derivative of -r**5/20 + r**4/2 + r**3 + 6*r**2 + 3*r. What is the remainder when 12 is divided by g(7)?
2
Let w(v) = 5*v - v + 5 - 3*v - 3. Let r be w(-2). Suppose 4*m - 28 = -3*s - r*s, 3*m = -2*s + 17. What is the remainder when s is divided by 6?
4
Let x(i) = -i**2 - i + 2. Suppose 2*b - f + 2 = 6*b, 3*f - 6 = 0. What is the remainder when x(b) is divided by 1?
0
Let g be -3 + 3 + (3 - -1). Suppose -g*d + 4*n = -128, 0 = 5*n - n + 20. What is the remainder when d is divided by 10?
7
What is the remainder when -18*(-12)/(-8)*-1 is divided by 14?
13
Let j(d) = 2*d - 3. Let b be j(3). Suppose -b*h - 9 + 77 = 2*t, -2*h = 3*t - 107. Calculate the remainder when t is divided by 10.
7
Let o be (-1)/(-3)*(-27)/(-3). Suppose o*k + v = 19, -v + 4 = 3. What is the remainder when 9 is divided by k?
3
Suppose 0 = 5*z + 5*t - 285, -5*z - t + 197 + 88 = 0. What is the remainder when z is divided by 15?
12
Let c = 27 - 30. Suppose -56 = -4*r + 2*p, 4*r + 4*p - 68 = -0*p. Let a = r + c. What is the remainder when 34 is divided by a?
10
Let z(n) = -n**2 + 21*n - 41. Let i(l) = 4*l**2 + 3*l + 2. What is the remainder when i(4) is divided by z(17)?
24
Let w = 21 - 1. Calculate the remainder when w is divided by ((-2)/8)/(6/(-264)).
9
Suppose -4*n = -9*n - 210. Let y be 2 + -1 + n + 4. Let x = -13 - y. Calculate the remainder when 71 is divided by x.
23
Let k = 231 - 86. Suppose -9*y + k = -4*y. What is the remainder when y is divided by 8?
5
Calculate the remainder when (4 + 48)*2/8 is divided by 4.
1
Let s = -6 + 11. Suppose -7 = 2*c + s*h, -4*c = 3*h + 8 - 1. Let k = 1 - c. Calculate the remainder when k is divided by 2.
0
Suppose w + 70 = 6*w. What is the remainder when w is divided by 4?
2
Suppose 5*v = 4*v - 20. Let j = 59 + v. What is the remainder when j is divided by (-1 + 3)*(7 - 2)?
9
Let s = -21 - -51. Let t(i) = 5*i**2 + 3*i + 2. Calculate the remainder when s is divided by t(-2).
14
Let l(c) = -c**3 - 3*c**2 - 5*c - 2. What is the remainder when l(-3) is divided by 7?
6
Calculate the remainder when 18 is divided by 0 + (14 - (-4)/(-1)).
8
Let k = -60 - -33. Let b = -17 - k. Suppose -2*n + 2*q = -3*q - 49, -3*q = -n + 24. Calculate the remainder when n is divided by b.
7
Let d = -2 - -5. Suppose -x + b + 20 = 0, 5*b - 2*b = -d*x + 36. What is the remainder when -46*3/((-9)/3) is divided by x?
14
Let c(s) = s**3 - 9*s**2 + 6. What is the remainder when 35 is divided by c(9)?
5
Suppose 86*t = 83*t + 84. Let o(s) = s**3 + 7*s**2 + 3. Let i be o(-7). Suppose -i*g + 30 = -g. What is the remainder when t is divided by g?
13
Suppose c = -0*c + 4. Let t be (-4)/10 + 1704/10. Suppose n = -c*n + t. Calculate the remainder when n is divided by 18.
16
Suppose 2*l + 400 = 2*g, -g + 1021 = 4*g + 2*l. Calculate the remainder when g is divided by 41.
39
Suppose p + 5*y - 14 = 17, 28 = 4*p - 4*y. Let d = 4 + p. Calculate the remainder when 57 is divided by d.
12
Let n = 6 - 1. Suppose 3*y - 60 + 3 = 0. Let d = y + -6. Calculate the remainder when d is divided by n.
3
Suppose -4*u + 5*a + 13 = 0, 4*a = 3*u + 2*a - 8. What is the remainder when u is divided by 2?
0
Let n(q) = -q**3 - 12*q**2 - 13*q - 2. Calculate the remainder when 79 is divided by n(-11).
19
Suppose x - 5*b + 2*b + 2 = 0, -4*b = -8. Suppose 75 = x*n + 11. Suppose -5*q + 77 = -3*d - d, -d = -q + n. Calculate the remainder when 25 is divided by q.
12
What is the remainder when (3 + -102)/(-2 + 1) is divided by 21?
15
Let h(b) = -b**3 - 5*b**2 - 4*b - 7. Calculate the remainder when 1024/20 - (-2)/(-10) is divided by h(-5).
12
Suppose 4*c = -h - 2*h + 25, 0 = 3*c + 3*h - 15. Suppose 0 = -7*y + 2*y + 20. Calculate the remainder when c is divided by y.
2
Let j(f) = f**3 + 6*f**2 - 9*f + 3. Let g be j(-7). Let c = g - 1. Let l(r) = -r**3 - 3*r**2 - 4. Calculate the remainder when l(-5) is divided by c.
14
Suppose -2*u - 14 = -2. What is the remainder when 26 is divided by 2/(-4) + (-45)/u?
5
Let q(s) = -s**3 - 11*s**2 - 10*s + 4. Let o be q(-10). Suppose 6*x - 28 = o*x. Calculate the remainder when 25 is divided by x.
11
Let x(c) = 